4 + 57))
-1
Evaluate -105 - 1 - -74 - (0 + -4).
-28
Calculate (-2 - 7 - -1) + 78 + (-4 - 12).
54
What is (683 - 642) + -5 + 8 + (2 - -1)?
47
-130 + 34 - (-12 + -21 + -2 + 16)
-77
What is the value of -19 - -23 - (6 + 9 + -29 + 8)?
10
(-493 - -531) + (-3 - (-3 - -1) - 1)
36
What is the value of -7 - (14 + 1 + (-425 - -447))?
-44
Evaluate 3 - (-5 + 2 - 56) - (-51 - (-64 - -7)).
56
Evaluate 3 + 6 + (0 + 4 - (-20 + 23)).
10
2 + -3 + 4 + -12 + 622 + -623
-10
What is the value of (-55 - -28) + (22 - 1) - (-3 - -5)?
-8
What is the value of (-42 - -62) + 0 - (17 - -7)?
-4
What is the value of 20 + 30 - -8 - 24?
34
Evaluate -58 + 179 + (-66 - -18).
73
What is the value of (-1 - -6) + (-17 - -9 - (-9 + 4 - 80))?
82
Calculate 1 + (10 - (-19 + 9)) + (1 - 1).
21
50 - (-97 - (-233 + 39))
-47
Evaluate -9 + (-10 - 1) + 188 + -170 - (-5 + -1).
4
25 - ((-78 - 16) + (10 - (-2 - -15)))
122
526 + -539 + (-15 - (1 - 1))
-28
Calculate (-21 - -33) + (-7 - 36).
-31
What is 91 + -31 - (-30 - -90)?
0
What is -6 + (-29 - -16) - (16 - (-71 - -22))?
-84
(-11 - (4 - (1 + 3 + 1))) + 5 + 29
24
Calculate 27 + 0 - -92 - (-36 - -69).
86
(-29 - -5 - -47) + 73 + (4 - 14)
86
Calculate 8 + (-23 - -3) - ((-17 - -12) + -4).
-3
-3 + 162 + -170 + -13 + -2
-26
What is the value of 0 + 13 + 1 + (51 - 44) + (148 - 145)?
24
-6 + (700 - 716 - (-1 - 3))
-18
Evaluate 2 - (-20 + 4) - (60 + 27 + -1).
-68
Calculate 0 - -4 - ((40 - 24) + (23 - 84)).
49
What is 24 - ((-27 - -73) + 1) - 10?
-33
What is (-33 + 8 - -10) + 55 + -34 - -31?
37
(9 - -33) + -14 + -90
-62
What is -78 + -9 - (-83 + 42)?
-46
What is the value of (-9 + -1 - (-33 - -39)) + -13?
-29
Evaluate -60 - ((-65 - -24) + -2).
-17
Calculate -1 - (31 + 40 + (-4 + (-6 - -10) - -10)).
-82
3 - (-23 - (-15 + -1)) - (48 + 1)
-39
What is the value of -5 - ((3 - (-20 + -4) - (-15 + 12)) + 5)?
-40
What is the value of 3 + (19 - 3 - (2 + -4 - -15))?
6
What is -5 - (-5 + -26 + 12 + 15)?
-1
Evaluate (10 - 22 - 42) + 35.
-19
What is (128 - 180) + 48 + (0 - (-70 - 0))?
66
Evaluate -29 - (-59 - -44) - -7.
-7
What is the value of 5 + -8 + -5 + -15 - -8?
-15
What is the value of -43 + (33 - 30) + 11?
-29
Calculate -2 - 2 - (-8 + (22 - 20)).
2
Evaluate -2 + 4 - (-822 + 804).
20
What is (0 - 78) + -1 - (171 + 25 - 185)?
-90
Evaluate (-84 - -2 - 0) + -6 + (80 - 60).
-68
What is -2079 + 2054 + (-2 - -43)?
16
Calculate 67 + (0 - (3 + 12 + 5 + -12) - -23).
82
What is -2214 + 2208 + (-4 - -2)?
-8
What is the value of (-2 + (3 - 4) - 6) + (145 - 84)?
52
12 + (3 - 2) - (100 + -4 - 53)
-30
Calculate 26 + -25 - ((21 - 10) + -37 - 6).
33
What is 3 + 56 - (227 + -135)?
-33
What is 9 + (-11 - (2 + -10)) + -13 + -14?
-21
Evaluate -10 - (12 + (2 - ((-20 - -7) + 26))).
-11
-23 - (-17 - -22) - (17 + -8 - -3)
-40
What is the value of 2800 - 2803 - (-33 - 2)?
32
Calculate -25 + -4 + 132 + -47.
56
35 + (-37 - (4 + -45))
39
Evaluate 75 - (79 - (46 + 19)).
61
What is the value of (-1 + -13 - 1) + -59 + (4 + 103 - -48)?
81
What is (-14 - 8) + (-10 - -2) + 11 + 9 - -23?
13
What is the value of 9 + -6 - (2017 - 2024)?
10
(-4 - 17) + (-642 - -705)
42
Calculate -108 + 0 + 84 + -57 + -3 + 10 + -33.
-107
What is 2 + (1 - 25) - (-1238 - -1192)?
24
3 + 14 - ((-20 - -43) + -55)
49
-9 + (18 - 17) + (9 - 2) - (-29 - -38)
-10
What is -11 - -73 - (-7 + -13)?
82
What is 69 + -2 + -17 + (196 - 159) + 16?
103
What is the value of 216 + -172 + -2 + 24 - (5 - -1)?
60
What is (8 - (-7 - -14)) + -18 - (-3 + 2)?
-16
111 - ((-102 - -53 - -48) + -1 + -18)
131
(-5 - 10 - -10) + 2 - (-10 + 33 + 11)
-37
Evaluate -134 + (180 - 25) + -86.
-65
Calculate (-90 - -89) + 0 + (-3 - (-31 + 2)).
25
What is the value of 17 - ((-20 - (-75 - -72)) + (146 - -1))?
-113
Calculate 33 - (-11 - (19 + -1)).
62
What is (-33 - (-4 - (25 - 16))) + 14?
-6
Calculate 25 - ((70 - 68 - (13 + 0)) + -1 + 0).
37
What is the value of 45 + -46 + (-10 + 6 - -21)?
16
What is the value of 46 + -128 - (-3 + -19 + 4)?
-64
Calculate (5 - 48) + 16 + (-29 - 11) + 24.
-43
What is (70 - (28 + 85)) + (22 - 1)?
-22
What is the value of 85 - (0 - 1) - (-3 + -16 + -5 + 33)?
77
59 + (36 - 131) + 136
100
Calculate (2 - (-1 - -5)) + 3 + (-158 - (211 + -489)).
121
What is the value of (8 - 8) + 1 + 4 + 2 + -2 + 22?
27
Calculate 1 + (-6 - 7) - -42 - (12 + -1).
19
Calculate 21 + 62 + 87 + -103.
67
Evaluate -13 - (171 + -156 - (-1 - -11)) - 37.
-55
Evaluate (-17 - -12 - -2) + (149 - 12) + 1.
135
Evaluate 1 + 7 - (4 + (-21 - -25) + -9 + -32).
41
Calculate 6 - 1 - (47 + 4 + -33 - (8 - 0)).
-5
Calculate -102 + 14 - ((-1 - 0 - 1) + 10 - 20).
-76
What is the value of 47 - (1 + (-2 + 14 - 11)) - -15?
60
Calculate -72 - (-6 - (-49 - -100)).
-15
What is the value of (14 - (23 - 7)) + (-2 - 4 - -19)?
11
11 + -20 + 10 + (-62 + 14 - 10)
-57
116 + (-144 + 74 - 6)
40
Evaluate -24 + -5 + 48 + -26 + -5.
-12
Evaluate 3 - -46 - ((-88 - -131) + -85).
91
Evaluate -14 + 5 - (88 - (-44 + 192)).
51
Calculate (45 + -10 - 2) + (-37 - 90).
-94
Calculate -4451 - -4495 - (101 - -5).
-62
Evaluate -156 + 224 - 157 - (0 - (-5 - (-2 - -4))).
-96
Calculate -14 - (1 + -19 + (-8 - -40) + -28).
0
Evaluate 23 - (13 + (30 - (57 + -26))).
11
Calculate (-3 + -3 + 2 - (-1 - 8)) + -148 - 7.
-150
Calculate 7 + (-70 - -45) + -2 + -1.
-21
Evaluate 35 - 32 - (1 + -1 + 51 - (21 + -14)).
-41
-92 + 32 + (-40 - -61)
-39
What is the value of -154 + (-40 + 48 - (2 + -7) - 4) + 13?
-132
What is -236 + 156 - (-46 - 9)?
-25
Evaluate 36 + 0 - (383 - 376) - -14.
43
Calculate -49 + 42 + -9 + 46.
30
What is 107 - (-5 + (-14 - -9) + 9 + -6 + 19)?
95
Calculate -8 - ((-24 - -27) + -2 + 1 + -29 + -1).
20
What is 89 + -12 + (-1 - 1 - (11 + (9 - 24)))?
79
What is (-10 - -2 - (3 - 7)) + (-52 - -172 - 44)?
72
Calculate 3 - (102 + -36 - 36).
-27
What is -23 + -13 + 65 + -16?
13
(7199 - 7157) + (1 + -1 - 19)
23
What is the value of 133 - (-36 - (14 + 28 - 109))?
102
What is the value of -75 + -56 + 192 - -8?
69
What is -34 + 19 + -2 + 1 - 34?
-50
What is (-96 - -68) + (10 - 13) - -133?
102
Evaluate (45 + -39 - (-42 - -48)) + (1 - (-2 + -30)).
33
What is the value of (-50 - -3) + 48 - -43?
44
What is 32 - 1 - (-2779 - -2833)?
-23
What is -72 + 41 + -46 - -100?
23
What is -30 - 0 - (88 + -72) - -18?
-28
What is the value of -7 - (-3 + -5) - ((17 - 23) + 9)?
-2
Calculate (65 - (-158 - -228)) + (-2 + 1 - 4).
-10
Evaluate 1 - 34 - (-9 - ((-4 - (4 - 3)) + 3)).
-26
Evaluate 18 - (-301 - -296 - (2 + -91)).
-66
What is -72 + 75 + 19 + 51?
73
What is (128 - 132) + (-2 - -17) - -13?
24
What is the value of (1 + 15 - (10 - 3)) + 36 + -31?
14
What is the value of 266 + -300 - ((4 - 0) + -4 + 2) - -1?
-35
-13 + (150 - 152) + 41
26
Calculate 7 + -7 + 27 + -71 - 7.
-51
What is -6 + 0 - (61 + -123) - (-4 + 6 + -10)?
64
What is (43 - (21 - 10) - 10) + (-20 - -14)?
16
Evaluate -66 + 2 - (30 - (-44 + 41 + 22)).
-75
What is the value of -59 - -30 - (-8 + 17 + -102)?
64
Calculate 3 - (22 + (4 - 13)) - -88.
78
What is (-29 + 86 - 71) + (4 - 40)?
-50
What is -17 - (-86 + -11) - 49?
31
Evaluate -30 + -1 + (4095 - 4104).
-40
Calculate -3 - ((0 - -6) + (3 + 7 - (0 + 7))).
-12
87 + -103 + 74 + -40
18
-31 + (-61 - -79) - ((0 - 1 - -3) + -64)
49
Calculate -5 + (22 - ((37 - 20) + 39)).
-39
Calculate -34 + (1 - (-2 - (19 + -5 + -3))).
-20
Calculate 1 + (-8 + 5 - -6) + (1 - 78).
-73
What is the value of (2 + -1 - -1) + 0 - (-92 - (-161 - -66))?
-1
Evaluate (-10 - (0 + -1)) + 464 + -431.
24
What is the value of (36 - (22 + 30 + 13)) + 7?
-22
Calculate -53 + 32 + 52 - 14.
17
What is the value of -1533 + 1467 + -4 + 78?
8
What is the value of 1 - (1 + 1 + 5) - (-18 - (14 - 28))?
-2
Calculate 12 + (-1 - 4 - (-17 - -14)) - -3.
13
Evaluate -2 + 5 + -6 + -8 - -3.
-8
What is the value of -7 + -33 + -4 + -2 - (-22 + 30) - -2?
-52
Calculate -3 + ((22 - -1) + -65 - -24).
-21
5 + (-20 - -16) - (2 + (-3 - (-75 + 5)))
-68
What is (-272 - -285) + 1 + -56?
-42
What is the value of 96 + (-66 - (80 + -52))?
2
What is -137 + 124 - (16 + 3)?
-32
What is the value of -601 + 602 - (-3 + -52 - -6 - (1 + -1))?
50
Calculate 9 + -38 + 25 + 18 + -19.
-5
Calculate 36 + (-12 - 31) + -30.
-37
22 - (87 - 51) - 37
-51
What is the value of -31 + (17 + (-5 - -14) - (61 - 42))?
-24
Calculate -35 + 6 - (-15 + -24 + -78).
88
Calculate -13 - (-6 + 15 + -2 + 0 + -9).
-11
Calculate 40 - (-2